 -b**3 - 11*b**2 - 9*b + 14. Let w(l) = -l**2 - l - 2. Let t = -163 - -164. Let o(z) = t*f(z) + 3*w(z). Give o(-13).
-5
Let m(z) = 9*z**2 - 2*z. Let h = 197 + -143. Suppose h*b = 51*b - 3. Calculate m(b).
11
Suppose 4*y = 4*z + 9 + 7, 4*z = -2*y + 38. Let a(w) = 2*w**3 - 17*w**2 - 11*w + 8. Let x be a(y). Let j(s) = s**2 + 11*s + 9. What is j(x)?
-1
Let v(c) = c**3 + 11*c**2 + 14*c - 6. Let j be v(-9). Suppose 0 = 35*m - j*m + 20. Let n(q) = -q**3 - 5*q**2 - 7*q - 4. Calculate n(m).
8
Let k(d) = -d**3 - 9*d**2 - 8*d + 5. Suppose -3*c - 3*u = 30, 3*c + 2 = 2*u - 18. Let f be k(c). Let g(v) = v - 10 + 8 - f. Determine g(5).
-2
Let x(c) = 3*c**2 - 4*c + 3. Let k be (8/(-10))/((-3)/45). Suppose 0 = -0*n + 3*n - k. Suppose 3*r - 4*u = 5, 0 = 3*r - u - 4*u - n. What is x(r)?
18
Let s(w) be the third derivative of 0 + 2/3*w**3 + 0*w + 1/120*w**6 + 2*w**2 - 1/4*w**4 + 1/15*w**5. Let k be (-3)/2*(-50)/(-15). Give s(k).
9
Let u = -46 - -77. Suppose 5*t = -u + 11. Let y be -4 - (t - (-7 - -3)). Let s(f) = f + 4. Determine s(y).
0
Let h(g) = -35*g**3 - 4*g**2 - 9 + 7*g**3 + 9*g**3 + 16*g**3 - 2*g + 5*g**3. Determine h(4).
47
Let o be 6/(-10) - 112/(-20). Suppose -w = 3, -o*w - 258 = 4*r - 83. Let q = 43 + r. Let l(c) = -3*c + 3. What is l(q)?
-6
Let w(b) = -9 + 35*b - b**2 + 1 - 7*b**3 - 37*b + 5*b**3 + 3 + 3*b**3. Suppose -v - 8 = 3*h, 0 = -3*v + 2*h - 5 + 25. Give w(v).
35
Let n(g) = -3*g - 6. Suppose -40*w - 31*w = 0. What is n(w)?
-6
Let u be (-2)/(140/(-1010)) + -3 - (-4)/7. Let r(x) = -5*x - 5. What is r(u)?
-65
Let g(p) = p**2 + 6*p - 414. Let t be g(18). Let i(x) = x**3 - 19*x**2 + 21*x - 49. Give i(t).
5
Let m(k) = -3*k**3 + 11 + 0 - 7*k - 10*k**2 + 2*k**3. Let f(o) = o**2 - 1100*o - 8873. Let h be f(-8). Determine m(h).
-7
Let y be ((-20)/6 - -1) + (-160)/240. Let q(g) = -4*g**2 + 5*g + 7. What is q(y)?
-44
Let k(p) = -p**3 + 276 + 17*p**2 + 261 - 17*p - 800 + 273. What is k(16)?
-6
Suppose -1 = 2*k - 9, 5*q - 55 = -5*k. Let r(x) = 16*x - 6 - 21*x + q. Give r(1).
-4
Let s be 2 - (-41 - 2/2). Let o = s - 37. Suppose 0 = 8*w - o*w - 1. Let m(g) = -7*g**2. Calculate m(w).
-7
Let c = 25277/2 + -12636. Let d(y) be the second derivative of 1/20*y**5 - 1/4*y**4 + 4*y + 0 + 0*y**3 - c*y**2. Give d(4).
11
Let m(c) = 2*c - 284 - 50 + 8*c - 56 + 8*c. Calculate m(22).
6
Let m be (179 - 199) + 8*2. Let n(y) = -y**2 - 12*y - 6. Calculate n(m).
26
Let c(w) = -3*w**3 - 12*w**2 + 3*w + 4. Let p(m) = m**3 + m**2. Let f be (-12)/(-6) + -9 + 8. Let z(d) = f*c(d) + 5*p(d). Give z(4).
32
Let n(y) be the first derivative of -y**7/840 - 7*y**6/360 - y**5/20 + 7*y**4/24 - 145*y**3/3 - 12. Let t(k) be the third derivative of n(k). What is t(-6)?
7
Let d(k) be the second derivative of -10*k - 1/2*k**2 + 0. Let g(h) = 5*h + 6. Let p(f) = -6*d(f) - g(f). What is p(-2)?
10
Let l = 7 - 7. Let r(y) be the first derivative of 17 + 0*y**2 + 3*y - 1/3*y**3. What is r(l)?
3
Let l = 915 + -916. Let h(i) be the second derivative of 3*i**3 + i**2/2 + i. Determine h(l).
-17
Let w(o) = o**3 + 26*o**2 + 88*o + 8. Let r be w(-4). Let k(b) = -b**2 + 10*b - 4. Give k(r).
12
Let t(d) = -4*d**3 + d**2 - 16*d - 8. Let f(j) = -13*j**3 + 2*j**2 - 56*j - 23. Let w(h) = -2*f(h) + 7*t(h). Determine w(4).
-90
Let b(m) = 4*m**2 + m + 6. Let v(g) = -g**3 + 35*g**2 - 199*g + 87. Let h be v(28). Determine b(h).
45
Let l(v) = 8*v - 6 + 5*v + 4*v - 27*v + 7*v. Determine l(3).
-15
Let r(x) = -2 - 1150*x**2 + 599*x**2 + 553*x**2 + 3*x - 18*x**3. What is r(2)?
-132
Let h(x) = x**2 - 4*x - 519. Let l be h(25). Let q(z) = -26*z + 145. Determine q(l).
-11
Let p(b) = b**3 + 8*b**2 + 10*b + 6. Suppose -8*o = -7*o - 2. Suppose 16 = -2*y + o. Give p(y).
-15
Let u be 0 + (88 + -4 - 5). Suppose 31*i = -u - 76. Let n(d) = -d**3 - 3*d**2 + 9*d - 7. Calculate n(i).
-2
Let d(m) = 27*m - 572. Let p = -18658 - -18679. What is d(p)?
-5
Let b(w) = 6*w. Let g(o) = -264*o + 467. Let f be g(2). Suppose -4*t + 5*n = 237, -2*t + n - 249 = 2*t. Let a = t - f. Give b(a).
-12
Let l be 4 - -15 - -1 - (18 + -16). Let t(h) = 2*h**3 - 36*h**2 + 2*h - 34. Calculate t(l).
2
Let h(l) = -l**3 - 2 + 21*l**2 - 74*l**2 + 53*l**2 + 3*l + 0*l**3. Give h(4).
-54
Let t(u) = u**3 + 13*u**2 - 2*u + 2. Let c be ((-9)/(-20))/(24/64) - (-355)/(-25). Calculate t(c).
28
Let u = -5 + 7. Let q(w) be the first derivative of -w**4/2 + w**3 - w**2 - w - 117. What is q(u)?
-9
Let k(v) = -v**3 + 20*v**2 + 43*v + 4. Suppose 792 = -12609*w + 12645*w. Determine k(w).
-18
Suppose 6*n = 3*n + 21. Let z = -13 + n. Let j(a) be the second derivative of -a**5/20 - a**4/2 + 3*a**2 + 385*a. Determine j(z).
6
Let p(i) be the third derivative of -i**4/3 + 107*i**3/6 - 2*i**2 - 76. Determine p(16).
-21
Suppose 4*z = 8, -24*p + z = -21*p + 14. Let n(c) = c**2 - c - 17. Calculate n(p).
3
Let b(a) = a**3 + 4*a**2 - 7*a - 4. Let d be b(-5). Let m(i) = 4*i**2 + 17*i + 7. Let c(k) = 3*k**2 + 11*k + 5. Let t(x) = 3*c(x) - 2*m(x). Determine t(d).
31
Let s(d) = 2*d + 6. Let q(c) = c**2 - 5*c - 6. Suppose -3*g - 7*g - 400 = 0. Let y = -35 - g. Let n be q(y). Give s(n).
-6
Let x(u) = u**3 - 10*u**2 + 8*u. Let z be 3*-1*224/(-42). Let w be z/(-24) - 58/(-6). Determine x(w).
-9
Let h be 85*1/3*3. Suppose -65 = 5*p - h. Let u(k) = -k**3 + 6*k**2 - 5*k - 2. Determine u(p).
10
Let j(l) be the first derivative of l**2/2 + 10*l + 3230. Calculate j(7).
17
Suppose 2 = -3*r + 4*q - 18, 0 = -2*q + 4. Let s(a) = 6804*a**2 - 3406*a**2 - 3399*a**2 - 2 + 5 - 4*a. What is s(r)?
3
Let u(h) = -563*h + 63 - 85 + 570*h. Determine u(3).
-1
Let n be (-2 - 2)/(3/((-264)/16)). Suppose 6*i - 2*i + g = -n, 2*i + 20 = -5*g. Let y(q) = -5*q - 1. Let u(s) = -s. Let x(l) = -4*u(l) + y(l). Determine x(i).
4
Let k = 16 + -34. Let t be (4 + k/4)/((-3)/(-30)). Let i(b) = 4*b**2 - 4*b - 7. Let l(d) = 3*d**2 - 4*d - 6. Let n(x) = t*l(x) + 4*i(x). Determine n(-4).
2
Let k(w) = w**3 + 2*w**2 + 4. Let i(u) = 19*u - 11*u + 11 - 7*u. Let j be i(-8). Let h be (2/4 - j/(-12))*-4. Give k(h).
-5
Suppose 2*r - 3*k - 9 = -r, 3*r + 2*k = 24. Let h be (2/r)/((-23)/69). Let c(q) = 19*q + 7. Let x(a) = -28*a - 11. Let d(y) = 8*c(y) + 5*x(y). Calculate d(h).
-11
Suppose -16*o + 80 = 0, -3*j + 2*o + 2 + 0 = 0. Let y(b) = -b**2 + 8*b - 4. Calculate y(j).
12
Suppose -2*x - 2*x = -8. Let t(s) = -2*s + 54*s - 48*s - 2 + 0 - 2*s. Calculate t(x).
2
Let a(c) = -2*c**3 + 55*c**2 - 308*c + 57. Let m(d) = -3*d**3 + 55*d**2 - 429*d + 57. Let z(g) = 4*a(g) - 3*m(g). Give z(-54).
3
Let z(v) = 3*v**2 + 689*v - 65. Let h(a) = -a**2 - 244*a + 22. Let c(k) = -17*h(k) - 6*z(k). Determine c(18).
-56
Let l(d) = -2*d + 1. Let g(s) = -2*s + 20. Let b(n) = -18. Let u(j) = 6*b(j) + 5*g(j). Let x(m) = -4*l(m) + u(m). What is x(-11)?
10
Let l be 6/(2*(-2)/4). Let d be -9*(-4)/l*10/(-30). Let w(j) = 2*j**2 - 2. What is w(d)?
6
Let i(h) = 13*h - 53. Let q(o) = 105*o - 336. Let x(t) = 19*t - 61. Let g(k) = -5*q(k) + 28*x(k). Let n(d) = -11*g(d) + 6*i(d). What is n(-8)?
-18
Let i(u) = u + 1. Let j(c) = -6*c - 3. Let g(b) = 4*i(b) + j(b). Let q be (12/14)/(20/70). Suppose 14 - 17 = -q*r. Calculate g(r).
-1
Let j(d) = -10*d - 390. Let s be j(-39). Let x(w) = w**3 - 2*w**2 - 2*w + 6. Determine x(s).
6
Let p(q) = -26 - 9*q - 7*q**3 + 21*q - 8*q + 25 - 2*q**3 + 15*q**2. Let y(r) = 7*r**2 - 5*r**3 + 3*r - r + r**2. Let g(t) = 4*p(t) - 7*y(t). Calculate g(4).
4
Suppose 11 = -k + 9. Let g(w) be the second derivative of -w**6/90 - w**5/40 + 14*w**3/3 + 19*w. Let t(l) be the second derivative of g(l). Determine t(k).
-10
Let x(j) = j - 2. Let c(t) = 4*t - 26. Let q be c(15). Suppose 12 = 2*f + q. Calculate x(f).
-13
Suppose -5*r + 40 = -2*l + 16, 4*r + l - 27 = 0. Let y be 5/(-4)*-4*r/10. Let a(c) = 3 + 3*c**2 - c**2 - 96*c**3 + 97*c**y. Calculate a(-3).
-6
Let m(c) = 2*c + 2. Let i(s) = -s**2 + 3*s - 17. Let n = 587 + -586. Let q(j) = n*i(j) + 2*m(j). Determine q(6).
-7
Let j(n) = 24*n**2 - 2*n + 2. Let u be j(4). Let c be u/210 + 2*(-2)/(-20). Let p(s) = -127*s**c - s**3 + 12 + 68*s**2 - 10*s + 68*s**2. Calculate p(8).
-4
Let s be (-6)/(-8)*(-50)/1875*-100. Let c(t) be the second derivative of -t**4/6 - 2*t. Calculate c(s).
-8
Let g be 3 + (6 - (-9)/((-3)/3)). Let i(a) = 5*a + g - 8*a + 0 - 1. Let c(s) = -s**3 + 4*s**2 + 2*s - 6. Let v be c(4). Calculate i(v).
-7
Let o